{"id":159,"date":"2022-09-06T08:19:11","date_gmt":"2022-09-06T08:19:11","guid":{"rendered":"http:\/\/lamathelab.com\/?page_id=159"},"modified":"2024-10-04T09:37:56","modified_gmt":"2024-10-04T09:37:56","slug":"cuidado-de-las-prendas","status":"publish","type":"page","link":"https:\/\/lamathelab.com\/eng\/cuidado-de-las-prendas\/","title":{"rendered":"Garment care"},"content":{"rendered":"<div class=\"wpb-content-wrapper\"><div class=\"vc_row wpb_row vc_row-fluid\"><div class=\"wpb_column vc_column_container vc_col-sm-12\"><div class=\"vc_column-inner\"><div class=\"wpb_wrapper\">\n\t<div class=\"wpb_text_column wpb_content_element\" >\n\t\t<div class=\"wpb_wrapper\">\n\t\t\t<p><strong>Garment care<\/strong><\/p>\n<p>Remember that it is important to read very carefully the specific recommendations of each item that we purchase. In this section, we explain in detail how to take care of your garments so that they can extend their life and continue to use them for years.<\/p>\n<p>&nbsp;<\/p>\n<p><strong>Organic Cotton garments<\/strong><\/p>\n<p>Our Banako t-shirt, Pikis sweatshirt and Agintari shopper bag are produced using organic cotton. Here is how to take care of them:<\/p>\n<ul>\n<li>Wash them in cold water or up to 30\u00b0C.<\/li>\n<li>If you use the washing machine, use short delicate programs.<\/li>\n<li>Avoid the use of bleach and aggressive detergents.<\/li>\n<li>Wash the back garments inside out, both to wash and dry them, so you protect their colour and texture better. It is also preferable to place them in the shade when drying.<\/li>\n<li>Try to dry them outdoors, avoiding using the dryer machine.<\/li>\n<\/ul>\n<p>&nbsp;<\/p>\n<p><strong>Sustainable viscose<\/strong><\/p>\n<p>Sustainable viscose garments need specific washing care. To wash our Agintari shirt you have to do the following:<\/p>\n<ul>\n<li>Try washing it by hand with cold water and using a delicate detergent.<\/li>\n<li>Do not wring out the garment.<\/li>\n<li>If you are cleaning it in the washing machine, protect the garment with a cloth bag. And use a delicate program.<\/li>\n<li>After washing it, shake the garment and gently remove moisture.<\/li>\n<li>Do not use the dryer machine!<\/li>\n<li>If you want to iron the shirt do it when it's a bit wet.<\/li>\n<\/ul>\n<p>&nbsp;<\/p>\n<p><strong>CUPRO<\/strong><\/p>\n<p>Cupro is a very versatile and durable material. The care for this fibre is very simple. To wash your Batido skirt, follow the instructions:<\/p>\n<ul>\n<li>Wash it in a delicate program.<\/li>\n<li>It is recommended to let them air dry on a perch.<\/li>\n<\/ul>\n<p>&nbsp;<\/p>\n<p><strong>Silk<\/strong><\/p>\n<p>Silk is a natural material that requires specific care. Extend the life of our accessories Lau Arin, Arin and Soka with proper care:<\/p>\n<ul>\n<li>Wash your clothes by hand with cold water and use a delicate detergent.<\/li>\n<li>Gently shake the garment in the water and drain it without twisting it.<\/li>\n<li>Dry the garment outside without directly placing it under the sun.<\/li>\n<li>Iron the garment without steam and at minimum temperature.<\/li>\n<\/ul>\n\n\t\t<\/div>\n\t<\/div>\n<\/div><\/div><\/div><\/div>\n<\/div>","protected":false},"excerpt":{"rendered":"CUIDADO DE LAS PRENDAS Recuerda que es importante leer muy bien las recomendaciones espec\u00edficas de lavado de cada una de las prendas que adquirimos. En este apartado explicamos en detalle c\u00f3mo cuidar de tus prendas para poder alargar su vida y seguir utiliz\u00e1ndolas durante a\u00f1os. &nbsp; PRENDAS DE ALGOD\u00d3N ORG\u00c1NICO Nuestra camiseta Banako, sudadera Pikis [...]","protected":false},"author":1,"featured_media":0,"parent":0,"menu_order":0,"comment_status":"closed","ping_status":"closed","template":"","meta":{"inline_featured_image":false,"footnotes":""},"class_list":["post-159","page","type-page","status-publish","hentry"],"yoast_head":"<!-- This site is optimized with the Yoast SEO plugin v27.4 - https:\/\/yoast.com\/product\/yoast-seo-wordpress\/ -->\n<title>CUIDADO DE LAS PRENDAS SOSTENIBLES - LAMA THE LAB<\/title>\n<meta name=\"description\" content=\"En este apartado explicamos en detalle c\u00f3mo cuidar de tus prendas para poder alargar su vida y seguir utiliz\u00e1ndolas durante a\u00f1os.\" \/>\n<meta name=\"robots\" content=\"index, follow, max-snippet:-1, max-image-preview:large, max-video-preview:-1\" \/>\n<link rel=\"canonical\" href=\"https:\/\/lamathelab.com\/eng\/cuidado-de-las-prendas\/\" \/>\n<meta property=\"og:locale\" content=\"en_GB\" \/>\n<meta property=\"og:type\" content=\"article\" \/>\n<meta property=\"og:title\" content=\"CUIDADO DE LAS PRENDAS SOSTENIBLES - LAMA THE LAB\" \/>\n<meta property=\"og:description\" content=\"En este apartado explicamos en detalle c\u00f3mo cuidar de tus prendas para poder alargar su vida y seguir utiliz\u00e1ndolas durante a\u00f1os.\" \/>\n<meta property=\"og:url\" content=\"https:\/\/lamathelab.com\/eng\/cuidado-de-las-prendas\/\" \/>\n<meta property=\"og:site_name\" content=\"LAMA THE LAB\" \/>\n<meta property=\"article:publisher\" content=\"https:\/\/www.facebook.com\/LamaTheLab\" \/>\n<meta property=\"article:modified_time\" content=\"2024-10-04T09:37:56+00:00\" \/>\n<meta name=\"twitter:card\" content=\"summary_large_image\" \/>\n<meta name=\"twitter:label1\" content=\"Estimated reading time\" \/>\n\t<meta name=\"twitter:data1\" content=\"2 minutes\" \/>\n<script type=\"application\/ld+json\" class=\"yoast-schema-graph\">{\"@context\":\"https:\\\/\\\/schema.org\",\"@graph\":[{\"@type\":\"WebPage\",\"@id\":\"https:\\\/\\\/lamathelab.com\\\/cuidado-de-las-prendas\\\/\",\"url\":\"https:\\\/\\\/lamathelab.com\\\/cuidado-de-las-prendas\\\/\",\"name\":\"CUIDADO DE LAS PRENDAS SOSTENIBLES - LAMA THE LAB\",\"isPartOf\":{\"@id\":\"https:\\\/\\\/lamathelab.com\\\/#website\"},\"datePublished\":\"2022-09-06T08:19:11+00:00\",\"dateModified\":\"2024-10-04T09:37:56+00:00\",\"description\":\"En este apartado explicamos en detalle c\u00f3mo cuidar de tus prendas para poder alargar su vida y seguir utiliz\u00e1ndolas durante a\u00f1os.\",\"breadcrumb\":{\"@id\":\"https:\\\/\\\/lamathelab.com\\\/cuidado-de-las-prendas\\\/#breadcrumb\"},\"inLanguage\":\"en-GB\",\"potentialAction\":[{\"@type\":\"ReadAction\",\"target\":[\"https:\\\/\\\/lamathelab.com\\\/cuidado-de-las-prendas\\\/\"]}]},{\"@type\":\"BreadcrumbList\",\"@id\":\"https:\\\/\\\/lamathelab.com\\\/cuidado-de-las-prendas\\\/#breadcrumb\",\"itemListElement\":[{\"@type\":\"ListItem\",\"position\":1,\"name\":\"Portada\",\"item\":\"https:\\\/\\\/lamathelab.com\\\/\"},{\"@type\":\"ListItem\",\"position\":2,\"name\":\"CUIDADO DE LAS PRENDAS\"}]},{\"@type\":\"WebSite\",\"@id\":\"https:\\\/\\\/lamathelab.com\\\/#website\",\"url\":\"https:\\\/\\\/lamathelab.com\\\/\",\"name\":\"LAMA THE LAB\",\"description\":\"For a shared life.\",\"publisher\":{\"@id\":\"https:\\\/\\\/lamathelab.com\\\/#organization\"},\"potentialAction\":[{\"@type\":\"SearchAction\",\"target\":{\"@type\":\"EntryPoint\",\"urlTemplate\":\"https:\\\/\\\/lamathelab.com\\\/?s={search_term_string}\"},\"query-input\":{\"@type\":\"PropertyValueSpecification\",\"valueRequired\":true,\"valueName\":\"search_term_string\"}}],\"inLanguage\":\"en-GB\"},{\"@type\":\"Organization\",\"@id\":\"https:\\\/\\\/lamathelab.com\\\/#organization\",\"name\":\"LAMA THE LAB CLOTHING\",\"url\":\"https:\\\/\\\/lamathelab.com\\\/\",\"logo\":{\"@type\":\"ImageObject\",\"inLanguage\":\"en-GB\",\"@id\":\"https:\\\/\\\/lamathelab.com\\\/#\\\/schema\\\/logo\\\/image\\\/\",\"url\":\"https:\\\/\\\/lamathelab.com\\\/wp-content\\\/uploads\\\/LAMA-LOGO.jpg\",\"contentUrl\":\"https:\\\/\\\/lamathelab.com\\\/wp-content\\\/uploads\\\/LAMA-LOGO.jpg\",\"width\":1697,\"height\":612,\"caption\":\"LAMA THE LAB CLOTHING\"},\"image\":{\"@id\":\"https:\\\/\\\/lamathelab.com\\\/#\\\/schema\\\/logo\\\/image\\\/\"},\"sameAs\":[\"https:\\\/\\\/www.facebook.com\\\/LamaTheLab\",\"https:\\\/\\\/www.instagram.com\\\/lamathelab\\\/\",\"https:\\\/\\\/www.pinterest.es\\\/lamathelab\\\/\",\"https:\\\/\\\/www.tiktok.com\\\/@lamathelab\"]}]}<\/script>\n<!-- \/ Yoast SEO plugin. -->","yoast_head_json":{"title":"CUIDADO DE LAS PRENDAS SOSTENIBLES - LAMA THE LAB","description":"En este apartado explicamos en detalle c\u00f3mo cuidar de tus prendas para poder alargar su vida y seguir utiliz\u00e1ndolas durante a\u00f1os.","robots":{"index":"index","follow":"follow","max-snippet":"max-snippet:-1","max-image-preview":"max-image-preview:large","max-video-preview":"max-video-preview:-1"},"canonical":"https:\/\/lamathelab.com\/eng\/cuidado-de-las-prendas\/","og_locale":"en_GB","og_type":"article","og_title":"CUIDADO DE LAS PRENDAS SOSTENIBLES - LAMA THE LAB","og_description":"En este apartado explicamos en detalle c\u00f3mo cuidar de tus prendas para poder alargar su vida y seguir utiliz\u00e1ndolas durante a\u00f1os.","og_url":"https:\/\/lamathelab.com\/eng\/cuidado-de-las-prendas\/","og_site_name":"LAMA THE LAB","article_publisher":"https:\/\/www.facebook.com\/LamaTheLab","article_modified_time":"2024-10-04T09:37:56+00:00","twitter_card":"summary_large_image","twitter_misc":{"Estimated reading time":"2 minutes"},"schema":{"@context":"https:\/\/schema.org","@graph":[{"@type":"WebPage","@id":"https:\/\/lamathelab.com\/cuidado-de-las-prendas\/","url":"https:\/\/lamathelab.com\/cuidado-de-las-prendas\/","name":"CUIDADO DE LAS PRENDAS SOSTENIBLES - LAMA THE LAB","isPartOf":{"@id":"https:\/\/lamathelab.com\/#website"},"datePublished":"2022-09-06T08:19:11+00:00","dateModified":"2024-10-04T09:37:56+00:00","description":"En este apartado explicamos en detalle c\u00f3mo cuidar de tus prendas para poder alargar su vida y seguir utiliz\u00e1ndolas durante a\u00f1os.","breadcrumb":{"@id":"https:\/\/lamathelab.com\/cuidado-de-las-prendas\/#breadcrumb"},"inLanguage":"en-GB","potentialAction":[{"@type":"ReadAction","target":["https:\/\/lamathelab.com\/cuidado-de-las-prendas\/"]}]},{"@type":"BreadcrumbList","@id":"https:\/\/lamathelab.com\/cuidado-de-las-prendas\/#breadcrumb","itemListElement":[{"@type":"ListItem","position":1,"name":"Portada","item":"https:\/\/lamathelab.com\/"},{"@type":"ListItem","position":2,"name":"CUIDADO DE LAS PRENDAS"}]},{"@type":"WebSite","@id":"https:\/\/lamathelab.com\/#website","url":"https:\/\/lamathelab.com\/","name":"LAMA THE LAB","description":"For a shared life.","publisher":{"@id":"https:\/\/lamathelab.com\/#organization"},"potentialAction":[{"@type":"SearchAction","target":{"@type":"EntryPoint","urlTemplate":"https:\/\/lamathelab.com\/?s={search_term_string}"},"query-input":{"@type":"PropertyValueSpecification","valueRequired":true,"valueName":"search_term_string"}}],"inLanguage":"en-GB"},{"@type":"Organization","@id":"https:\/\/lamathelab.com\/#organization","name":"LAMA THE LAB CLOTHING","url":"https:\/\/lamathelab.com\/","logo":{"@type":"ImageObject","inLanguage":"en-GB","@id":"https:\/\/lamathelab.com\/#\/schema\/logo\/image\/","url":"https:\/\/lamathelab.com\/wp-content\/uploads\/LAMA-LOGO.jpg","contentUrl":"https:\/\/lamathelab.com\/wp-content\/uploads\/LAMA-LOGO.jpg","width":1697,"height":612,"caption":"LAMA THE LAB CLOTHING"},"image":{"@id":"https:\/\/lamathelab.com\/#\/schema\/logo\/image\/"},"sameAs":["https:\/\/www.facebook.com\/LamaTheLab","https:\/\/www.instagram.com\/lamathelab\/","https:\/\/www.pinterest.es\/lamathelab\/","https:\/\/www.tiktok.com\/@lamathelab"]}]}},"_links":{"self":[{"href":"https:\/\/lamathelab.com\/eng\/wp-json\/wp\/v2\/pages\/159","targetHints":{"allow":["GET"]}}],"collection":[{"href":"https:\/\/lamathelab.com\/eng\/wp-json\/wp\/v2\/pages"}],"about":[{"href":"https:\/\/lamathelab.com\/eng\/wp-json\/wp\/v2\/types\/page"}],"author":[{"embeddable":true,"href":"https:\/\/lamathelab.com\/eng\/wp-json\/wp\/v2\/users\/1"}],"replies":[{"embeddable":true,"href":"https:\/\/lamathelab.com\/eng\/wp-json\/wp\/v2\/comments?post=159"}],"version-history":[{"count":3,"href":"https:\/\/lamathelab.com\/eng\/wp-json\/wp\/v2\/pages\/159\/revisions"}],"predecessor-version":[{"id":162,"href":"https:\/\/lamathelab.com\/eng\/wp-json\/wp\/v2\/pages\/159\/revisions\/162"}],"wp:attachment":[{"href":"https:\/\/lamathelab.com\/eng\/wp-json\/wp\/v2\/media?parent=159"}],"curies":[{"name":"wp","href":"https:\/\/api.w.org\/{rel}","templated":true}]}}