{"id":167,"date":"2022-09-06T08:42:30","date_gmt":"2022-09-06T08:42:30","guid":{"rendered":"http:\/\/lamathelab.com\/?page_id=167"},"modified":"2022-09-06T08:42:30","modified_gmt":"2022-09-06T08:42:30","slug":"faq","status":"publish","type":"page","link":"https:\/\/lamathelab.com\/eus\/faq\/","title":{"rendered":"FAQ"},"content":{"rendered":"<div class=\"wpb-content-wrapper\"><div class=\"vc_row wpb_row vc_row-fluid\"><div class=\"wpb_column vc_column_container vc_col-sm-12\"><div class=\"vc_column-inner\"><div class=\"wpb_wrapper\">\n\t<div class=\"wpb_text_column wpb_content_element\" >\n\t\t<div class=\"wpb_wrapper\">\n\t\t\t<p><span style=\"text-decoration: underline;\">Zein eratara ordaindu daiteke?<\/span><\/p>\n<p>Kreditu txartelen bitartez zein PayPal edo Apple Pay-en  erregistratuta dauden kontuen bitartez. Ordainketa modu gehiago eskaini ahal izateko lanean gabiltza.<\/p>\n<p>&nbsp;<\/p>\n<p><span style=\"text-decoration: underline;\">Zein da nire neurria edo taila?<\/span><\/p>\n<p>\u201cNeurrien gida\u201d botoian klik egin produktu bakoitzaren fitxan, bertan ikusi ahalko duzu gure gida. Gure modeloen neurri zeatzak ere ikus ditzakezu, eta zein taila daramaten beraiek, zure burua hauekin alderatzeko. Laguntza gehiago beharko bazenu, jarri gurekin harremanetan hemen <a href=\"mailto:info@lamathelab.com\">info@lamathelab.com<\/a>.<\/p>\n<p>&nbsp;<\/p>\n<p><span style=\"text-decoration: underline;\">Piezak nola konbinatu jakin nahiko nuke, ahalko zenidake lagundu? <\/span><\/p>\n<p>Noski baietz! Ez badakizu piezaren bat nola konbinatu egunerokotasunean zein egun bereziren batean edo, tailaren batekin zalantza baldin baduzu, gustu handiz lagunduko dizugu! Gurekin harremanetan jartzeko idatzi hona <a href=\"mailto:info@lamathelab.com\">info@lamathelab.com<\/a>.<\/p>\n<p>&nbsp;<\/p>\n<p><span style=\"text-decoration: underline;\">Piezak nola konbinatu jakin nahiko nuke, ahalko zenidake lagundu?<\/span><\/p>\n<p>Gure kolekzioak atenporalak dira, ez dugu moda industriak agintzen duen egutegirik jarraitzen. Gure xedea uneoro pieza basikoenak webgunean erosgarri egotea da. Zuk nahi duzun modeloa agortuta baldin badago, jar zaitez gurekin harremanetan eta esango dizugu noiz egongo diren eskuragarri <a href=\"mailto:info@lamathelab.com\">info@lamathelab.com<\/a>Kolekzio berezietako piezekin ordea, ezin dugu ziurtatu berriz egin ahalko ditugun. Batzuk mugatuak izango dira, materialen berezitasuna dela eta, edo sortze teknikaren konplexutasunagatik. Aukeratu \u201cjakinarazi eskuragarri dagoenean\u201d botoia, kontuan izan zaitzagun.<\/p>\n<p>&nbsp;<\/p>\n<p><span style=\"text-decoration: underline;\">Nire eskaera atzera bota dezaket?<\/span><\/p>\n<p>Mezu bat bidali iezaguzu ahalik eta azkarren <a href=\"mailto:info@lamathelab.com\">info@lamathelab.com<\/a> Zure eskaera oraindik prestatu gabe baldin badago ez da arazorik izango eskaera atzera bota zein aldaketaren bat egiteko, izan produktuetan zein helmugaren helbidean. Hala ere, kontuan izan arren, behin eskaera prestatuta baldin badago ezingo dugula atzera bota edo aldaketarik egin.\nEta arren eskatzen dugu kontuan izan dezazuela beherapenetan ez dela onartuko eskaerak atzera botatzerik. Datu hau, beherapenetan dauden produktuen salmenta prozesuan ere adierazita dago.<\/p>\n<p>&nbsp;<\/p>\n<p><span style=\"text-decoration: underline;\">Nola jarrai dezaket nire eskaera?<\/span><\/p>\n<p>Behin zure eskaera prestatua eta bidalita dagoenean jarraipen zenbaki bat jasoko duzu zure helbide elektronikoan. Ez baduzu emailik jaso, zein ez baduzu aurkitzen jakinarazi iezaguzu. <a href=\"mailto:info@lamathelab.com\">info@lamathelab.com<\/a>.<\/p>\n<p>&nbsp;<\/p>\n<p><span style=\"text-decoration: underline;\">Nire eskaera itzuli dezaket?<\/span><\/p>\n<p>Eskaera jasotzen duzun egunetik 15 egun dituzu adaketa edo itzulketaren. Hau gauzatzeko, jar zaitez gurekin harremanetan[email]. Informazio gehiago Bidalketak, Aldaketak eta Itzulketak <a href=\"mailto:info@lamathelab.com\">info@lamathelab.com<\/a> para gestionar la devoluci\u00f3n de tu pedido.<\/p>\n<p>Informazio gehiago <a href=\"http:\/\/lamathelab.com\/eus\/envios-cambios-y-devoluciones\/\">BIDALKETAK, ALDAKETAK ETA ITZULKETAK<\/a><\/p>\n<p>&nbsp;<\/p>\n<p><span style=\"text-decoration: underline;\">Nola jar naiteke zuekin harremanetan?<\/span><\/p>\n<p>Atsegin dugu zuen iritziak zein iradokizunak jasotzea! Neurri edo tailaren batekin laguntza behar baduzu zein zalantzaren bat baldin baduzu piezaren batekin, jar zaitez gurekin harremanetan emailez <a href=\"mailto:info@lamathelab.com\">info@lamathelab.com<\/a>. Produkturen bat aldatu edo itzuli nahi baduzu idatzi hona <a href=\"mailto:info@lamathelab.com\">info@lamathelab.com<\/a>. Gure taldea eten gabe ari da lanean erantzun azkar bat izan dezazun.<\/p>\n<p>&nbsp;<\/p>\n<p><span style=\"text-decoration: underline;\">Zer esan nahi du produktu bat oversize izateak?<\/span><\/p>\n<p>Gure produktuetariko asko, erosotasuna bilatuz, ohikoa baino malguago eramateko diseinatuak daude. Malgutasun honek neurrietan edo hobeto esanda tailan eragingo balu, produktuaren deskribapenean adieraziko dugu. Gainontzean gure gomendioa zure ohiko taila hartzea da. Eta zure erara konbinaketa ezberdinak egitera animatzen zaitugu! (kapak, gona edo galtzaren barrutik sartu zatiren bat zein osoa, maukak jaso\u2026). Zure pieza konbinatzeko zalantzak badituzu, idatzi iezaguzu lasai! <a href=\"mailto:info@lamathelab.com\">info@lamathelab.com<\/a> !<\/p>\n\n\t\t<\/div>\n\t<\/div>\n<\/div><\/div><\/div><\/div>\n<\/div>","protected":false},"excerpt":{"rendered":"\u00bfCu\u00e1les son los m\u00e9todos de pago? Aceptamos pagos a trav\u00e9s de tarjetas de cr\u00e9dito y cuentas registradas en PayPal y Apple Pay. Estamos trabajando para introducir m\u00e1s m\u00e9todos de pago en el futuro. &nbsp; \u00bfCu\u00e1l es mi talla? Haz clic en la opci\u00f3n \u201cGu\u00eda de tallas\u201d en la ficha de cada producto para ver nuestra [...]","protected":false},"author":1,"featured_media":0,"parent":0,"menu_order":0,"comment_status":"closed","ping_status":"closed","template":"","meta":{"inline_featured_image":false,"footnotes":""},"class_list":["post-167","page","type-page","status-publish","hentry"],"yoast_head":"<!-- This site is optimized with the Yoast SEO plugin v27.5 - https:\/\/yoast.com\/product\/yoast-seo-wordpress\/ -->\n<title>FAQ - LAMA THE LAB<\/title>\n<meta name=\"robots\" content=\"index, follow, max-snippet:-1, max-image-preview:large, max-video-preview:-1\" \/>\n<link rel=\"canonical\" href=\"https:\/\/lamathelab.com\/eus\/faq\/\" \/>\n<meta property=\"og:locale\" content=\"en_US\" \/>\n<meta property=\"og:type\" content=\"article\" \/>\n<meta property=\"og:title\" content=\"FAQ - LAMA THE LAB\" \/>\n<meta property=\"og:url\" content=\"https:\/\/lamathelab.com\/eus\/faq\/\" \/>\n<meta property=\"og:site_name\" content=\"LAMA THE LAB\" \/>\n<meta property=\"article:publisher\" content=\"https:\/\/www.facebook.com\/LamaTheLab\" \/>\n<meta name=\"twitter:card\" content=\"summary_large_image\" \/>\n<meta name=\"twitter:label1\" content=\"Est. reading time\" \/>\n\t<meta name=\"twitter:data1\" content=\"3 minutua\" \/>\n<script type=\"application\/ld+json\" class=\"yoast-schema-graph\">{\"@context\":\"https:\\\/\\\/schema.org\",\"@graph\":[{\"@type\":\"WebPage\",\"@id\":\"https:\\\/\\\/lamathelab.com\\\/faq\\\/\",\"url\":\"https:\\\/\\\/lamathelab.com\\\/faq\\\/\",\"name\":\"FAQ - LAMA THE LAB\",\"isPartOf\":{\"@id\":\"https:\\\/\\\/lamathelab.com\\\/#website\"},\"datePublished\":\"2022-09-06T08:42:30+00:00\",\"breadcrumb\":{\"@id\":\"https:\\\/\\\/lamathelab.com\\\/faq\\\/#breadcrumb\"},\"inLanguage\":\"eu\",\"potentialAction\":[{\"@type\":\"ReadAction\",\"target\":[\"https:\\\/\\\/lamathelab.com\\\/faq\\\/\"]}]},{\"@type\":\"BreadcrumbList\",\"@id\":\"https:\\\/\\\/lamathelab.com\\\/faq\\\/#breadcrumb\",\"itemListElement\":[{\"@type\":\"ListItem\",\"position\":1,\"name\":\"Portada\",\"item\":\"https:\\\/\\\/lamathelab.com\\\/\"},{\"@type\":\"ListItem\",\"position\":2,\"name\":\"FAQ\"}]},{\"@type\":\"WebSite\",\"@id\":\"https:\\\/\\\/lamathelab.com\\\/#website\",\"url\":\"https:\\\/\\\/lamathelab.com\\\/\",\"name\":\"LAMA THE LAB\",\"description\":\"For a shared life.\",\"publisher\":{\"@id\":\"https:\\\/\\\/lamathelab.com\\\/#organization\"},\"potentialAction\":[{\"@type\":\"SearchAction\",\"target\":{\"@type\":\"EntryPoint\",\"urlTemplate\":\"https:\\\/\\\/lamathelab.com\\\/?s={search_term_string}\"},\"query-input\":{\"@type\":\"PropertyValueSpecification\",\"valueRequired\":true,\"valueName\":\"search_term_string\"}}],\"inLanguage\":\"eu\"},{\"@type\":\"Organization\",\"@id\":\"https:\\\/\\\/lamathelab.com\\\/#organization\",\"name\":\"LAMA THE LAB CLOTHING\",\"url\":\"https:\\\/\\\/lamathelab.com\\\/\",\"logo\":{\"@type\":\"ImageObject\",\"inLanguage\":\"eu\",\"@id\":\"https:\\\/\\\/lamathelab.com\\\/#\\\/schema\\\/logo\\\/image\\\/\",\"url\":\"https:\\\/\\\/lamathelab.com\\\/wp-content\\\/uploads\\\/LAMA-LOGO.jpg\",\"contentUrl\":\"https:\\\/\\\/lamathelab.com\\\/wp-content\\\/uploads\\\/LAMA-LOGO.jpg\",\"width\":1697,\"height\":612,\"caption\":\"LAMA THE LAB CLOTHING\"},\"image\":{\"@id\":\"https:\\\/\\\/lamathelab.com\\\/#\\\/schema\\\/logo\\\/image\\\/\"},\"sameAs\":[\"https:\\\/\\\/www.facebook.com\\\/LamaTheLab\",\"https:\\\/\\\/www.instagram.com\\\/lamathelab\\\/\",\"https:\\\/\\\/www.pinterest.es\\\/lamathelab\\\/\",\"https:\\\/\\\/www.tiktok.com\\\/@lamathelab\"]}]}<\/script>\n<!-- \/ Yoast SEO plugin. -->","yoast_head_json":{"title":"FAQ - LAMA THE LAB","robots":{"index":"index","follow":"follow","max-snippet":"max-snippet:-1","max-image-preview":"max-image-preview:large","max-video-preview":"max-video-preview:-1"},"canonical":"https:\/\/lamathelab.com\/eus\/faq\/","og_locale":"en_US","og_type":"article","og_title":"FAQ - LAMA THE LAB","og_url":"https:\/\/lamathelab.com\/eus\/faq\/","og_site_name":"LAMA THE LAB","article_publisher":"https:\/\/www.facebook.com\/LamaTheLab","twitter_card":"summary_large_image","twitter_misc":{"Est. reading time":"3 minutua"},"schema":{"@context":"https:\/\/schema.org","@graph":[{"@type":"WebPage","@id":"https:\/\/lamathelab.com\/faq\/","url":"https:\/\/lamathelab.com\/faq\/","name":"FAQ - LAMA THE LAB","isPartOf":{"@id":"https:\/\/lamathelab.com\/#website"},"datePublished":"2022-09-06T08:42:30+00:00","breadcrumb":{"@id":"https:\/\/lamathelab.com\/faq\/#breadcrumb"},"inLanguage":"eu","potentialAction":[{"@type":"ReadAction","target":["https:\/\/lamathelab.com\/faq\/"]}]},{"@type":"BreadcrumbList","@id":"https:\/\/lamathelab.com\/faq\/#breadcrumb","itemListElement":[{"@type":"ListItem","position":1,"name":"Portada","item":"https:\/\/lamathelab.com\/"},{"@type":"ListItem","position":2,"name":"FAQ"}]},{"@type":"WebSite","@id":"https:\/\/lamathelab.com\/#website","url":"https:\/\/lamathelab.com\/","name":"LAMA THE LAB","description":"For a shared life.","publisher":{"@id":"https:\/\/lamathelab.com\/#organization"},"potentialAction":[{"@type":"SearchAction","target":{"@type":"EntryPoint","urlTemplate":"https:\/\/lamathelab.com\/?s={search_term_string}"},"query-input":{"@type":"PropertyValueSpecification","valueRequired":true,"valueName":"search_term_string"}}],"inLanguage":"eu"},{"@type":"Organization","@id":"https:\/\/lamathelab.com\/#organization","name":"LAMA THE LAB CLOTHING","url":"https:\/\/lamathelab.com\/","logo":{"@type":"ImageObject","inLanguage":"eu","@id":"https:\/\/lamathelab.com\/#\/schema\/logo\/image\/","url":"https:\/\/lamathelab.com\/wp-content\/uploads\/LAMA-LOGO.jpg","contentUrl":"https:\/\/lamathelab.com\/wp-content\/uploads\/LAMA-LOGO.jpg","width":1697,"height":612,"caption":"LAMA THE LAB CLOTHING"},"image":{"@id":"https:\/\/lamathelab.com\/#\/schema\/logo\/image\/"},"sameAs":["https:\/\/www.facebook.com\/LamaTheLab","https:\/\/www.instagram.com\/lamathelab\/","https:\/\/www.pinterest.es\/lamathelab\/","https:\/\/www.tiktok.com\/@lamathelab"]}]}},"_links":{"self":[{"href":"https:\/\/lamathelab.com\/eus\/wp-json\/wp\/v2\/pages\/167","targetHints":{"allow":["GET"]}}],"collection":[{"href":"https:\/\/lamathelab.com\/eus\/wp-json\/wp\/v2\/pages"}],"about":[{"href":"https:\/\/lamathelab.com\/eus\/wp-json\/wp\/v2\/types\/page"}],"author":[{"embeddable":true,"href":"https:\/\/lamathelab.com\/eus\/wp-json\/wp\/v2\/users\/1"}],"replies":[{"embeddable":true,"href":"https:\/\/lamathelab.com\/eus\/wp-json\/wp\/v2\/comments?post=167"}],"version-history":[{"count":1,"href":"https:\/\/lamathelab.com\/eus\/wp-json\/wp\/v2\/pages\/167\/revisions"}],"predecessor-version":[{"id":168,"href":"https:\/\/lamathelab.com\/eus\/wp-json\/wp\/v2\/pages\/167\/revisions\/168"}],"wp:attachment":[{"href":"https:\/\/lamathelab.com\/eus\/wp-json\/wp\/v2\/media?parent=167"}],"curies":[{"name":"wp","href":"https:\/\/api.w.org\/{rel}","templated":true}]}}